 = 0, 4*z = -b - 0*z + 8. Calculate the highest common divisor of b and 10.
2
Suppose -202*p = -144*p - 406. Calculate the highest common divisor of 32 and p.
1
Suppose -1578 = -5*t + 3*j, -2*t - 3*t = j - 1594. Calculate the greatest common factor of t and 6.
6
Let n(a) = 147*a + 25. Let w be n(1). Calculate the highest common factor of w and 258.
86
Suppose 3*m + 10 = 31. Let j = m + 7. What is the greatest common divisor of 35 and j?
7
Let j(i) = i**2 - 5*i + 234. Let r be j(0). What is the highest common divisor of r and 52?
26
Let g = 713 - 353. Calculate the greatest common divisor of g and 48.
24
Let i be (-2 - -1)*96/(-12). Let x(v) = 2*v**2 - 9*v + 14. Let c be x(i). What is the greatest common divisor of c and 7?
7
Let n(t) = 22*t - 126. Let a be n(8). Calculate the highest common factor of a and 1250.
50
Let w(s) = 101*s**3 + 6*s**2 - 8*s + 3. Let k be w(1). What is the greatest common factor of k and 867?
51
Suppose 2*l = -2*l + 12, -2*r + 5*l - 5 = 0. Suppose -2*o = 4, 1 = r*z + o - 2. Calculate the highest common factor of 1 and z.
1
Suppose -5*h + 15986 = -q, 9*q = -h + 10*q + 3194. What is the greatest common factor of h and 78?
78
Let d = -56 - -102. What is the highest common factor of 161 and d?
23
Let l be (-2)/3 - 46/(-6). Let z(c) = c**3 - 12*c**2 + 4*c - 13. Let x be z(12). Suppose 13*y = 12*y + x. Calculate the highest common divisor of l and y.
7
Let s = -43 - -51. Suppose 0*h + 336 = s*h. Calculate the greatest common factor of 63 and h.
21
Suppose 2*r = -2*r - 60. Let y = r + 33. Suppose 0 = 24*b - 26*b + 252. What is the greatest common divisor of b and y?
18
Suppose 2*y - 16 = -4*i, 0*y - 12 = -3*y. Let l(w) = 2*w**2 - 4*w + 12. Suppose -9*x = -5*x - 12. Let c be l(x). What is the highest common factor of i and c?
2
Let b = 77 + -61. Let o be (-44)/(-6) + 16/24. Calculate the highest common factor of o and b.
8
Let h(p) = -p**3 - 8*p**2 - 3*p - 8. Let u be h(-8). Suppose -g + 7 = b, 3*b - 2*g + 4 = -0*g. Calculate the greatest common divisor of b and u.
2
Let v = -40 + 57. Suppose -3*s - 4*w + 48 = 0, 3*s = -3*w + 34 + v. Let f be (-1 - -2) + 2 + 1. Calculate the greatest common divisor of f and s.
4
Let q be 336/(-140)*90/(-4). Calculate the greatest common factor of 189 and q.
27
Let f(b) be the third derivative of b**6/60 - b**5/20 - 5*b**4/24 - 5*b**3/6 - 2*b**2. Let m be f(4). What is the highest common factor of m and 5?
5
Suppose -6*y - 4 = -5*y. Let b(t) = -50*t - 6. Let k be b(y). Suppose 30 = 7*m - k. Calculate the highest common factor of m and 288.
32
Let l = 340 - 282. Calculate the highest common divisor of 116 and l.
58
Suppose -20*l + 418 + 542 = 0. Calculate the highest common divisor of l and 48.
48
Let z = 1455 - 1452. What is the highest common divisor of 102 and z?
3
Let z = -586 + 628. Calculate the highest common divisor of z and 98.
14
Suppose 4*j - 5*j + 6 = 0. Suppose 0 = -u - 4*x + 2 - j, -5*u + 26 = -3*x. Suppose 122 - 410 = -u*t. Calculate the highest common divisor of 9 and t.
9
Suppose -91*p = -99*p + 3864. What is the greatest common factor of 21 and p?
21
Suppose -a - 59 = -5*a - 3*r, 3*a = 2*r + 23. Let i = -8 + a. Suppose -3*s - 3 = 0, 8*s = -c + i*s - 4. Calculate the highest common factor of c and 4.
1
Let l(u) = u**3 + 84*u + 14 - 20*u**2 - 54*u - 48*u. Let h be l(21). Calculate the greatest common factor of 11 and h.
11
Let g = -118 + 190. Let t = 96 - g. Calculate the greatest common factor of t and 3.
3
Suppose i = -2*o + 62, -o - i = -2*i - 34. Let u(b) = -4*b - 3. Let g be u(4). Let d = o + g. Calculate the highest common divisor of 13 and d.
13
Let s be 62 - (1 + -1) - -1. Suppose 0 = 4*c - c - s. Let f = 273 + -231. Calculate the highest common divisor of c and f.
21
Let q(r) = -r**2 - r. Let a(f) = -f**2 + 3*f + 4. Let p(d) = a(d) + 2*q(d). Let x be p(0). What is the greatest common factor of 10 and x?
2
Let q(m) be the second derivative of 5*m**4/6 - m**3/2 - m**2 - 2*m. Let h be q(-2). What is the highest common factor of h and 11?
11
Suppose -38 - 122 = -5*o. What is the highest common factor of 20 and o?
4
Let k(m) = 2*m - 2. Let s be k(2). Suppose 0 = -g - 2*d - s, -5 = 2*g + d + 2. Let a = 11 + g. What is the greatest common divisor of a and 21?
7
Suppose -60*j = -61*j - 3. Let s be -74*12/72*(j - 0). Suppose q + 1040 = 4*k, 2*k + 4*q = 554 - 52. What is the greatest common factor of s and k?
37
Let p = 12 + -27. Let y = p - -32. Calculate the highest common divisor of y and 85.
17
Let a be (-2)/(-5) + (-999)/(-15). Suppose 3*y + 28 = a. Suppose 5*n + 10 = 3*i, 3*i - 6*i + 2*n + y = 0. Calculate the highest common divisor of 5 and i.
5
Let s(y) = -26*y**3 - y**2 + y + 1. Let f be s(-1). Let o be (2 - -63)*(-6 + 1). Let k = -125 - o. What is the greatest common factor of f and k?
25
Let u be ((-6)/(-4))/(12/608). Let v = u + -19. Calculate the greatest common factor of 38 and v.
19
Suppose -89*p - 10 = -91*p. What is the highest common factor of p and 195?
5
Suppose -7*q + 4*q - 4*o = -107, 0 = q - 2*o - 19. Let y(r) = 2*r**2 - r - 76. Let v be y(-7). What is the greatest common divisor of v and q?
29
Let l = -11 - -11. Suppose -6*d + 66 = -l*d. Calculate the greatest common factor of 1 and d.
1
Let g be -1 + (-1182)/(-8) + 13/52. Suppose -6*w + g = w. What is the highest common factor of 21 and w?
21
Suppose 4*g - 17 = 35. Suppose 0 = 4*c - 94 - 62. Calculate the greatest common divisor of c and g.
13
Suppose 14 + 61 = 5*n. Suppose -4*j - 9 = 3*v, 2*j - 5*v - n = -0*v. Suppose -x + 36 = -j*x. What is the greatest common divisor of 9 and x?
9
Suppose 12*a - 188 - 316 = 0. What is the highest common divisor of a and 24?
6
Suppose -2*f - o = -331, 0 = 2*f - 2*o - 390 + 62. Let z = 123 - 72. Let s = z + -36. Calculate the greatest common factor of s and f.
15
Suppose 12 = -2*n + 2, f + n = -12. Let v(g) = g + 12. Let y be v(f). Suppose y*l + 0*l = 35. Calculate the greatest common factor of l and 77.
7
Let j be 4/6 + (-7688)/(-186). What is the greatest common factor of 168 and j?
42
Suppose -68*m + 450 = -53*m. What is the greatest common divisor of 150 and m?
30
Let s be (-57)/(-1) + -4 + 3. Let l be (-12)/15 - (-44)/5. Calculate the highest common divisor of s and l.
8
Suppose -34*b = -4395 - 4479. What is the greatest common divisor of 58 and b?
29
Let m = 45 + -98. Let s = m - -103. What is the highest common factor of 10 and s?
10
Suppose -2*t = 3*s - 31, 3*t - 5*t + 3*s = -1. What is the greatest common factor of t and 32?
8
Suppose 110 = -3*l + 5*p, 0 = 2*l + 3*l + 2*p + 204. Let h be (l + -2)*(-9)/6. Suppose -v = -9 - 0. What is the highest common divisor of v and h?
9
Let n be -1*(20/30 - (-242)/(-3)). Calculate the highest common factor of n and 640.
80
Let x(j) = -8*j**2 + 2*j**2 - 2*j**3 - 2*j - 9 + 11*j. Let i be x(-7). Calculate the highest common factor of 64 and i.
64
Let a(s) = -2*s**2 + 21*s - 31. Let k be a(6). What is the greatest common factor of 851 and k?
23
Let q be (8/(-12))/((-3)/36). What is the highest common divisor of 28 and q?
4
Suppose -3*i + 6 = 3*i. Let w be (-13427)/(-203) + -1*i/7. Calculate the greatest common divisor of w and 11.
11
Suppose -18*w - 112 = -26*w. Calculate the highest common factor of 98 and w.
14
Let g = -7 - 5. Let a = g - -17. Let b(c) = -c**3 + 5*c**2 + 5*c - 1. Let d be b(a). Calculate the greatest common divisor of 8 and d.
8
Let u = 161 + -105. Let p be (-4)/(-14) + 320/u. Let q = 5 - 3. What is the greatest common factor of p and q?
2
Suppose -11*a + 3*a + 4800 = 0. Suppose -5*c + 240 + a = 0. Calculate the highest common factor of c and 24.
24
Suppose 4*u + 270 = -134*g + 136*g, 3*u = -g + 160. Calculate the greatest common factor of 116 and g.
29
Let k = 1878 - 582. What is the highest common divisor of 16 and k?
16
Suppose -11 = -a - 7. Suppose -4*p - 10 = -2*w, -a*w = -w - 4*p - 11. Let r(n) = -n - 5. Let t be r(-6). What is the highest common divisor of t and w?
1
Suppose u + 0*u - 5 = o, -4*o + u = 20. Let a(l) = -9*l + 54. Let z be a(o). What is the greatest common factor of z and 9?
9
Let b be (108/(-90))/((-1)/210). What is the highest common divisor of 28 and b?
28
Let w(h) = -h**3 + 8*h**2 + 21*h - 11. Let p be w(9). Let g = p + 131. What is the greatest common factor of 12 and g?
12
Let v =